, i + r - 31013 = 0. Is i composite?
False
Is -1 - 7 - (-219659 + 10 + -12) a composite number?
True
Suppose 1458 + 1721 = 11*r. Let n = r + 6688. Is n prime?
True
Suppose 830*x - 834*x = 4, x = 5*z - 5739666. Is z prime?
False
Let v be 30/(-4)*(-32)/40. Suppose -7*z = -v*z + 2758. Is 9/(-18) - z/4 a composite number?
True
Let g(u) = 3*u. Let h be g(0). Suppose h = -2*c + 10*c - 296. Is c prime?
True
Suppose 0 = 302*h - 299*h - 7179. Is h - (5 - 9)/2 prime?
False
Let i(m) = -26*m + 22. Let h be i(19). Let r = -118 + h. Is (r/(-4))/((-11)/(-22)) a prime number?
False
Let z = 23 + -57. Let r = z + 36. Is 220 - r/5*5 prime?
False
Suppose 12*t - 112 = -2*t. Suppose -4 = 6*z - t*z. Suppose -z*c + 98 = -50. Is c a prime number?
False
Let i = 11062 + -43599. Is (i/(-13) - 6/(-39))/1 a composite number?
False
Let z(a) = -15*a. Suppose -3*o = -3*g + 6, 3*g - 4*o + 6*o - 1 = 0. Let d be z(g). Is (-1)/(6/d + (-18347)/(-45955)) a composite number?
True
Suppose -k + 3*t + 23085 - 7384 = 0, -3*k - 3*t = -47055. Is k composite?
True
Let x(k) = 12*k - 4. Let v be x(2). Suppose 3*i - 7*i + v = 0, -z + 4*i - 17 = 0. Suppose 4*s + 2*o = 1506, s + 89 = -z*o + 453. Is s prime?
True
Let f(v) = v**2 + 6*v + 15. Let u(m) = m**3 - 8*m**2 + 5*m - 6. Let r = 43 + -36. Let s be u(r). Is f(s) composite?
True
Suppose -5*k = -3*w + 394061, -877*w + 882*w - 656795 = -5*k. Is w a prime number?
True
Let m(w) = -10*w**2 - 62*w + 2. Let k be m(-6). Suppose k*c - 953 = -15. Is c a composite number?
False
Let c(r) = 2*r**2 - 2022*r**3 + 4*r + 2*r**2 - 12*r - 9 - 4*r**2. Is c(-2) a prime number?
True
Suppose -5*c - 634 = -m, -7*c + 12*c = 0. Is m - (-1)/(3 - 6/3) a prime number?
False
Suppose 0 = 10*c + 36619 + 7491. Let r = 188 - c. Let t = r + -2450. Is t composite?
True
Suppose -5*a + 2*d = -20, -6*a = -a + d - 5. Let q(v) = 448*v - 9. Is q(a) composite?
False
Suppose 0 = 65*m - 538385 - 217630. Is m a prime number?
False
Let g = 148 + -122. Suppose -3*p + 1530 = 3*h, -g = -h - 5*p + 468. Is h a prime number?
False
Let c(q) = 3465*q**2 - 79*q + 209. Is c(3) a prime number?
False
Is 727467335/731 - 54/153 a composite number?
False
Let t(w) = -w**2 - 14*w + 26. Let j be t(-14). Suppose 0 = -j*h + 19*h + 35. Suppose -12665 = -h*p - 2*v, -4*p = 3*v + 1041 - 11180. Is p composite?
False
Suppose -10*l = 5*m - 7*l + 159, -3*l = 3*m + 99. Is 5/m - 11371/(-6) a composite number?
True
Let b = -348148 + 601747. Is b composite?
True
Suppose 593*r - 591*r = 5*w - 9325815, -3*r - 15 = 0. Is w composite?
False
Suppose 0*c + 5*k - 20842 = -3*c, -4*c + 2*k + 27824 = 0. Let u = 13172 - c. Is u prime?
False
Is ((-2979510)/(-45))/((-4)/(-6)) a prime number?
True
Suppose 55*c + 201499360 = 215*c. Is c composite?
False
Let j = 16 - 25. Let u be (-3)/j + (-5)/(-3). Suppose m = 3*m - 5*s - 240, -3*s + 224 = u*m. Is m a prime number?
False
Let j = 104902 + 7921. Is j a composite number?
True
Is 3 + -1 - (-2 - 59329) composite?
False
Suppose -635*p + 636*p - 17679 = 52928. Is p composite?
False
Is (6 + -1274098)*3*(-6)/72 composite?
False
Let o = -91 - -95. Suppose 18*w - 13*w + 4*y = 41, -o*y + 1 = -3*w. Suppose -2*p - p = w*m - 1261, -743 = -3*m + 5*p. Is m a composite number?
False
Suppose -t - 107742 = -3*g + 640047, -t - 249259 = -g. Is g a prime number?
False
Suppose 2*p + 3*s - 2*s - 2541 = 0, -2*p - 4*s + 2538 = 0. Suppose -3*u - p = -59984. Is u prime?
True
Let a be (-90)/(-20) - 2/(-4). Let j(x) = 723*x - a - 81*x + 54*x. Is j(1) a prime number?
True
Suppose 4*n - 2*n = -86. Let l = n + 37. Is 388/8*(0 - l) prime?
False
Suppose 2*y - 2 = 0, -5*y + 3071042 = 5*d - 3584998. Is d composite?
False
Let c = 21693 + 23918. Is c composite?
True
Is ((-258984)/21 - 4)/(4/(-14)) prime?
False
Suppose 7*k = k - 342. Let w = k - -123. Suppose b + 5*b - w = 0. Is b a composite number?
False
Suppose 59219 = -0*l + 4*l - 5*z, -2*l - 4*z + 29616 = 0. Is l/55 - ((-8)/10 + 1) composite?
False
Let s be (-4)/14 - (2333088/(-56) - -7). Let a be s*(32/(-12))/(-8). Suppose g = 6*g - a. Is g a composite number?
False
Let n(d) = 188609*d**3 + 7*d**2 - d - 6. Is n(1) a prime number?
True
Suppose 566*d - 588*d = -532906. Is d prime?
True
Is 2*(-2)/(-62) + (-399151597)/(-14911) a composite number?
True
Suppose 2*r + r = 6. Suppose r*b - 66 = -4*b. Suppose 1765 = -6*k + b*k. Is k prime?
True
Let m(l) = -126*l + 8. Let j be m(8). Let z = j + 109. Is (-5)/(30/z) - 1/(-2) prime?
True
Suppose -79*m + 6442534 = -65*m. Is m prime?
True
Suppose 3*w + 562 = -32. Let q = w + 291. Suppose u - 316 = q. Is u prime?
True
Let v(c) = 85*c**2 - 275*c + 103. Is v(54) prime?
True
Let q(h) = -3*h - 42. Let u be 3 + 35/(-10) - (-27)/(-2). Let s be q(u). Is 18 - (0 + s) - (-1 + -2) a composite number?
True
Let x(p) = 700*p**2 - 1. Let r = -71 - -103. Let q be r/256 + (0 - 25/8). Is x(q) a prime number?
True
Let b be ((-14)/(-21)*-6)/((-8)/6). Suppose 0 = -j - 2, -j + 1378 = 5*z. Suppose -69 - z = -b*x. Is x a prime number?
False
Let k = -383610 + 872447. Is k prime?
False
Let y(a) be the first derivative of -269*a**4/4 - a**3/3 - a - 32. Let j(g) = g**3 + 3*g**2 - 1. Let i be j(-3). Is y(i) a prime number?
False
Let x(i) be the first derivative of -119*i**2/2 + 47*i + 2. Let o be -15 + (-36)/(-8)*-2. Is x(o) a prime number?
True
Let v be (-1)/(7/364) - -7. Let a = -4 + 6. Is (-16128)/v + a/(-5) composite?
True
Let k(q) = q**3 - 8*q**2 + 5*q - 39. Let x be k(18). Let n = x - 1776. Suppose 381 = f + 2*w, 2*f + 2*f = w + n. Is f a composite number?
False
Is (4/(-12))/(8/(-12054936)) prime?
False
Let d be (-8)/(-92) - 2139643/253. Let m = d - -13094. Is m a prime number?
True
Suppose -5*v = -0*v - 1350. Suppose -4*x = -2*u - v, -3*u + 222 - 24 = 3*x. Let d = x + 64. Is d a composite number?
False
Suppose 5*m + 1 = -3*u + 16, 0 = 2*u - 5*m - 35. Is (3272/u)/(8/20) prime?
False
Let c(n) = 3*n**2 + 10*n - 23. Let m(v) = -2*v**2 - 9*v + 22. Let x(p) = 3*c(p) + 4*m(p). Let d be x(4). Let w = 384 - d. Is w prime?
True
Suppose -5*z + 13 = w + 4, 25 = 5*w + 5*z. Suppose 0 = w*n - u - 650, n + 809 = 6*n - 3*u. Is n composite?
False
Let p be (-1 + 0)*0/16. Is 3/(-6)*6598*(-1 - p) prime?
True
Suppose 2*u = -5*u + 7. Let w be u + -4 + (-3*6)/(-3). Is 9190/15*w + (-2)/(-2) a prime number?
False
Let w = -2664 - -4823. Is w prime?
False
Let z = 24 - -4. Let n = 505 - 480. Suppose -n*c + z*c = 477. Is c prime?
False
Suppose c = -9*h + 8*h + 1, 2*c - 4*h - 8 = 0. Suppose 2*g + c - 26 = 4*w, 3*g = 5*w + 31. Suppose -4*a - 5*y = -13208, a - 3234 - 81 = g*y. Is a prime?
True
Suppose -s + 0*z = -z + 2, -5*z = -s - 18. Suppose 9 = -s*f + 25. Suppose 0 = -2*p - 0*p + 5*y + 1194, -2*y - f = 0. Is p a prime number?
True
Suppose 5*d = -w + 9, 5*d + 59*w - 11 = 60*w. Let l be (2 + -4)/((-2)/3). Suppose d*h - 4842 = -2*h - f, -l*f - 6 = 0. Is h a composite number?
True
Let h(q) = -2544*q - 5329. Is h(-60) prime?
True
Let t(q) = 60*q - 166. Suppose 13*a = 35*a - 704. Is t(a) a prime number?
False
Suppose -11*m + 3*r = -9*m + 46007, -4*m - 3*r = 92023. Let s = m + 41622. Is s a composite number?
False
Let l = 35 + -33. Suppose 3*o - x - 9576 = -4*x, -o = 2*x - 3191. Suppose 3*y = -n - l*y + 792, 0 = 4*n - 5*y - o. Is n prime?
True
Is (-64)/(-160) + (8832786/210 - (-4)/(-14)) composite?
False
Let g(s) be the third derivative of 75*s**4/2 - 4*s**3/3 - 6*s**2. Let u(b) = b. Let o(i) = g(i) + 5*u(i). Is o(3) a composite number?
False
Let t be 3*(-3)/3*(0 + 1). Is (29/(-174))/((-1)/t)*-77570 composite?
True
Suppose -3*b - 3*p - 3531 = 0, -4*b + 2*p = 4*p + 4698. Let y = 1841 + b. Is y a prime number?
False
Let o(k) = 3*k**2 + 25*k + 5. Let z = -50 - -35. Let f be o(z). Suppose f = 10*x - 9*x. Is x a composite number?
True
Let q = 67751 - 4602. Is q a prime number?
True
Suppose 15*g - 11*g - 4*c - 12 = 0, -3*c = 0. Let v(d) be the second derivative of 13*d**4/2 - 4*d**3/3 + 7*d**2/2 - 2*d. Is v(g) composite?
True
Is 288076/4*(-8 + 6)*4/(-8) a prime number?
True
Let b = -2758 - -2805. Let u = -75 + 37. Let f = b + u. Is f a composite number?
True
Let g = -150 + -373. Let f = 1254 - g. Is f a composite number?
False
Let w(g) = -50*g**3 - 10*g**2 + 25*g - 26. Is w(-19) prime?
True
Let s = 426 - -5106. Let k = s - -3391. Is k a prime number?
True
Suppose -3*q = 4*t + 25 - 85, 5*t - 3